 -183. List the prime factors of h.
2, 3, 7
Let h = 145 - 73. Let o = 39 + -35. Suppose h = 7*l - o*l. What are the prime factors of l?
2, 3
Let i be 2 - (-1 + 0 - -20). Let g = i - -33. What are the prime factors of g?
2
Let y(b) = b**2 + 1. Let x be y(2). Suppose 0 = -x*u - 4*w + 189, w = 2*u + 5*w - 66. What are the prime factors of u?
41
Suppose -5*g + 495 = -5*r + 95, 4*r + 242 = 3*g. What are the prime factors of g?
2, 3, 13
Suppose -x - 4*x + 310 = 0. Suppose 4*n + 5*a = x, 0 = 4*n - a + 25 - 99. Let f = 27 - n. What are the prime factors of f?
3
Let q(g) = -g**3 + 2*g**2. Let a be q(2). Suppose a - 4 = -2*w. Suppose -5*s + 16 = -0*t - 4*t, 14 = 3*s + w*t. What are the prime factors of s?
2
Let b = 160 + -89. List the prime factors of b.
71
Suppose 0 = 2*i - 7*i + 15, -i + 331 = 4*r. Suppose 4*m - r = t, 2*t = t + 2. What are the prime factors of m?
3, 7
Let p be 2/6 + (-16)/3. Let m = -1 + 9. Let y = p + m. What are the prime factors of y?
3
Suppose -16 = -2*x - 2*x. List the prime factors of x.
2
Let m = 1 - 2. Let t(v) = 3*v - 8. Let k be t(6). Let n = m + k. List the prime factors of n.
3
Suppose -71 = -a - 4*n - 8, -a + 67 = 2*n. What are the prime factors of a?
71
Suppose 9 = -3*s, -2*b - 2*s + 19 = -7*s. Suppose b + 1 = c. Suppose -4*u + 5*w = -3*u + 7, 5*w - 59 = -c*u. List the prime factors of u.
13
Suppose -x = -3*y - 50 - 0, 0 = -2*x + 4*y + 110. Let m = x + -39. What are the prime factors of m?
2, 13
Suppose g = 9*g - 312. List the prime factors of g.
3, 13
Let j be -15*((-15)/(-9) + -2). Suppose j*h + 3*b - 17 = 2*b, 5*h - 23 = b. Suppose 3*n - 51 = h*z, -43 = -4*n - 3*z - 0*z. What are the prime factors of n?
13
Let q(y) = -y**3 + 9*y**2 - 5*y - 8. Let x = 26 - 18. What are the prime factors of q(x)?
2
List the prime factors of (-1)/(-2)*(-14 - -45)*2.
31
Suppose 381 = 2*l - x, 8*l + 4*x = 3*l + 920. What are the prime factors of l?
2, 47
Suppose 3*y + 2 = 53. Let o = -9 + y. List the prime factors of o.
2
Suppose -y = y - 6. What are the prime factors of y?
3
Suppose -54 = -2*y - 2*x + 46, 107 = 2*y - 5*x. What are the prime factors of y?
3, 17
Let c(r) = -r**3 + 8*r**2 + 11*r - 13. Let x be c(9). Suppose x*i - 22 = -3*p, p - 4 = 2*p - 4*i. List the prime factors of p.
2
What are the prime factors of -1 + 4 - (-87 - -10)?
2, 5
Let q = -6 + 3. List the prime factors of q + -3 + 6 - -8.
2
Let n(c) = c**2 - 7*c - 5. Let s be n(8). Suppose 5*r = -s*g - 7, g - 3*r - 4 = 17. List the prime factors of g.
2, 3
Let v(t) = t**2 + 6*t + 7. Let i(n) = n**2 + 6*n - 4. Let h be i(-8). Let g = 7 - h. List the prime factors of v(g).
2
Suppose -4 = -3*u + 2. Suppose 2*c - u = -5*b, 0*b = 2*b + 4. List the prime factors of c.
2, 3
Let q(p) = p**2 - 5*p + 12. Let d be q(9). Suppose y = r - 2*y, y = 5*r. Suppose -d = -4*c - r*c. What are the prime factors of c?
2, 3
Let a(p) = 9*p**2 - 2*p + 5. Let k(o) = -4*o**2 + 12*o**2 - 24*o + 4 + 22*o. Let f(s) = -2*a(s) + 3*k(s). What are the prime factors of f(2)?
2, 11
Suppose -4*h = h. Let k(y) be the third derivative of y**5/60 - y**4/24 + y**3/3 + y**2. What are the prime factors of k(h)?
2
Let j = -471 + 736. List the prime factors of j.
5, 53
Let j be (-3 + 2 - 1) + 14. Suppose -5*a + j = -2*a. List the prime factors of a.
2
Suppose -4*q - 5 = -6*i + i, -4*i + 4 = 0. Suppose q = a, 4*a + 0*a = -j + 4. Suppose -j*k + 34 = 14. List the prime factors of k.
5
Suppose 4*i - 118 - 14 = 0. What are the prime factors of i?
3, 11
Suppose -4*v - v + 3*r + 10 = 0, 3*v - 22 = 5*r. What are the prime factors of (-2)/((-2)/v) + 13?
2, 3
Suppose 2*t + t + 6 = 0. Let x be 20/((t/2)/1). Let q = x - -30. List the prime factors of q.
2, 5
Let r = 1 + 7. List the prime factors of r/6*(9 + -3).
2
Let f(h) = h**2 + h + 10. Let d(m) = m**2 - 2*m - 3. Let q be d(3). List the prime factors of f(q).
2, 5
Suppose -3*h - 2*z + 528 = 0, 5*h - 5*z + 4*z - 880 = 0. List the prime factors of h.
2, 11
Suppose b - 23 = 23. Let g = b + 0. What are the prime factors of g?
2, 23
Suppose 11 = -3*o + 26. List the prime factors of (-1)/2*o*-10.
5
Let n = 137 - 82. Let i = -33 + n. List the prime factors of i.
2, 11
Let n(v) = -v - 2. Let u be n(-4). Suppose -u*l = -0 + 2. What are the prime factors of (l - -4)/(2/6)?
3
Let r = 0 - -2. List the prime factors of r.
2
Suppose -2*u = u + 4*p - 194, -5*p = -10. List the prime factors of u.
2, 31
Let m = 104 - 56. List the prime factors of m.
2, 3
List the prime factors of 2853/12 + -3 - 1/(-4).
5, 47
Let d = 446 + -78. What are the prime factors of d?
2, 23
Let k(q) = -3 + 6*q - 7*q**2 - 12*q**3 + 9 + 13*q**3. Let m be (-56)/(-10) - (-6)/15. What are the prime factors of k(m)?
2, 3
Let l(q) = -5*q**2 - 9*q - 6. Let o(a) = 4*a**2 + 8*a + 5. Let j(m) = 3*l(m) + 4*o(m). Let b be j(-6). List the prime factors of 1 + 0 + b*1.
3
Let h(n) = -n**3 + 5*n**2 - 3*n + 7. Let z be h(5). Suppose -17*f + 20 = -21*f. Let b = f - z. List the prime factors of b.
3
Suppose -13 - 14 = l. Let n = -5 - l. What are the prime factors of n?
2, 11
Suppose -d = d - 8. Suppose d*k - 68 + 28 = 0. What are the prime factors of k?
2, 5
Suppose -2*m + 462 = 5*t + m, -2*m = -t + 82. What are the prime factors of t?
2, 3, 5
Suppose -l = -x - 12, 2*x - 5*x - 5*l = 20. List the prime factors of (-4)/10 + (-84)/x.
2
Suppose 5*p + 32 = 4*q, 4*p - p = q - 8. Suppose -6*a = -4*a + q. Let t = a + 8. List the prime factors of t.
2
Suppose 0 = 4*o - 91 - 85. Let m = -22 + o. What are the prime factors of m?
2, 11
Suppose 0 = 2*i + 2*i. Suppose 2*w + i*p + 24 = -2*p, 3*w - p = -20. Let u(x) = x**2 + 7*x - 1. What are the prime factors of u(w)?
7
Let g = -5 - -19. Suppose 0 = -3*y - 5 + g. List the prime factors of (-2)/y*63/(-2).
3, 7
Let p = 3 - 0. Suppose o - 108 = -p*o. What are the prime factors of o?
3
Suppose -k = -3*k. Suppose 4*c = p - 8, -p - 5*c + k - 10 = 0. Suppose p = 4*f - r - 21, 4*f + r + r - 18 = 0. List the prime factors of f.
5
Let c(t) be the first derivative of -t**4/4 - 5*t**3/3 - 5*t**2/2 + 6*t + 5. List the prime factors of c(-5).
31
Let k = -2 + 2. Let c be 6 + k + -2 - 0. Suppose 5*g = 0, -c*x - 3*g - 2*g + 24 = 0. What are the prime factors of x?
2, 3
Suppose 5*n = -k + 94, -4 = -7*n + 5*n. What are the prime factors of k?
2, 3, 7
Let u(y) = y**3 + 6*y**2 - 2*y + 7. Let x be u(-7). Let t = x + 46. Let w = -8 + t. List the prime factors of w.
2, 5
Suppose 3*b = 7*b. Suppose -z - 4*j + 24 = 0, j + j - 10 = b. List the prime factors of z.
2
Suppose -3*j - 5 - 108 = -4*l, 2*l - 164 = 4*j. Let a = j + 29. Let n = a - -22. What are the prime factors of n?
2
Suppose q + 30 = -q. Let b = 12 - q. List the prime factors of b.
3
Suppose -4*f = -5 - 7. Let u = f - -13. List the prime factors of u.
2
Let g = -11 + 9. Let y(p) = -6*p - 4. What are the prime factors of y(g)?
2
List the prime factors of (-209)/(-11)*3/1.
3, 19
Let d(b) = -b**2 - 10*b + 1. Let j(k) = -6*k**2 - 51*k + 4. Let a(f) = -11*d(f) + 2*j(f). What are the prime factors of a(6)?
3
Let a be 1/(1 - (-14)/(-13)). Let g(h) = 10*h - 1. Let j be g(-2). Let w = a - j. List the prime factors of w.
2
Suppose -5*q + 60 = -s, 2*q = -5*s + 19 + 5. What are the prime factors of q?
2, 3
Suppose -12 = 2*d - 6*d. Let s = d + 12. List the prime factors of s.
3, 5
Suppose 128 = -5*c + 428. List the prime factors of c.
2, 3, 5
Let w(o) = o**2 + o - 3. Let x be w(2). Suppose a + 3*u - 10 = 0, -4*a - x*u + 25 + 15 = 0. What are the prime factors of a?
2, 5
Let x(j) = 5 + j**3 + 2*j - 2*j - 7*j**2. Let l be x(7). Let w = l - -5. List the prime factors of w.
2, 5
Suppose 3*a = -3*n + 351, 3*a + 468 = 4*n + a. List the prime factors of n.
3, 13
Let s(y) = -y**3 - 4*y**2 + 2*y - 3. What are the prime factors of s(-5)?
2, 3
Let f(r) be the first derivative of -r**4/4 - r**3 + 3*r**2/2 + 4*r - 1. Suppose 5*y + 5*j = -10, 3*j = -4*y - 2 - 8. What are the prime factors of f(y)?
2
Suppose 3*u - 5 = 2*u. Suppose -4 = u*y - 3*y. List the prime factors of (-2)/y*(-51)/(-3).
17
Let v(i) = i + 3. Let w(q) = q**3 + q**2 - 23. Let y be w(0). Let d = -15 - y. List the prime factors of v(d).
11
Let t(g) = 0*g**3 + 0 - 2*g - g**2 + 3 + g**3. Let o be t(2). Suppose 1 = 2*l - o. List the prime factors of l.
2
Let b(s) = s - 4. Let w be b(8). Suppose -3*a = -a + 3*u + 2, 6 = w*a + u. Su